Calculate the remainder when 14047 is divided by 13975.
72
Calculate the remainder when 4235 is divided by 581.
168
What is the remainder when 761 is divided by 397?
364
Calculate the remainder when 1769 is divided by 882.
5
What is the remainder when 163479 is divided by 239?
3
Calculate the remainder when 86765 is divided by 232.
229
What is the remainder when 325871 is divided by 48?
47
What is the remainder when 10738 is divided by 568?
514
What is the remainder when 1919 is divided by 1436?
483
What is the remainder when 303 is divided by 177?
126
Calculate the remainder when 6602 is divided by 2195.
17
What is the remainder when 5790 is divided by 150?
90
Calculate the remainder when 377628 is divided by 11.
9
What is the remainder when 4458 is divided by 865?
133
What is the remainder when 8615 is divided by 151?
8
Calculate the remainder when 10979 is divided by 998.
1
What is the remainder when 1795 is divided by 3?
1
What is the remainder when 64899 is divided by 927?
9
What is the remainder when 13574 is divided by 13514?
60
Calculate the remainder when 87982 is divided by 1692.
1690
Calculate the remainder when 230952 is divided by 3447.
3
What is the remainder when 27796 is divided by 13742?
312
What is the remainder when 36258 is divided by 1169?
19
Calculate the remainder when 39759 is divided by 38.
11
Calculate the remainder when 22127 is divided by 893.
695
What is the remainder when 1859 is divided by 696?
467
Calculate the remainder when 35244 is divided by 93.
90
Calculate the remainder when 2697105 is divided by 931.
929
What is the remainder when 1954 is divided by 230?
114
What is the remainder when 954470 is divided by 2681?
34
What is the remainder when 368626 is divided by 68?
66
What is the remainder when 2675 is divided by 41?
10
What is the remainder when 22138 is divided by 22104?
34
Calculate the remainder when 1433 is divided by 154.
47
Calculate the remainder when 715 is divided by 144.
139
Calculate the remainder when 54405 is divided by 5438.
25
What is the remainder when 55225 is divided by 1175?
0
What is the remainder when 4514 is divided by 570?
524
What is the remainder when 6693 is divided by 105?
78
What is the remainder when 149184 is divided by 975?
9
What is the remainder when 1479 is divided by 687?
105
What is the remainder when 32984 is divided by 10994?
2
Calculate the remainder when 270 is divided by 261.
9
Calculate the remainder when 52254 is divided by 278.
268
Calculate the remainder when 95492 is divided by 8.
4
Calculate the remainder when 4406 is divided by 235.
176
Calculate the remainder when 4467 is divided by 248.
3
Calculate the remainder when 3405 is divided by 558.
57
Calculate the remainder when 5967 is divided by 8.
7
Calculate the remainder when 7435389 is divided by 867.
864
Calculate the remainder when 17397 is divided by 17386.
11
Calculate the remainder when 69235 is divided by 34613.
9
What is the remainder when 10479 is divided by 792?
183
Calculate the remainder when 444 is divided by 240.
204
Calculate the remainder when 1761 is divided by 42.
39
What is the remainder when 3445 is divided by 664?
125
Calculate the remainder when 17294 is divided by 298.
10
Calculate the remainder when 6278 is divided by 3070.
138
What is the remainder when 2727 is divided by 1891?
836
What is the remainder when 65482 is divided by 75?
7
Calculate the remainder when 120065 is divided by 3.
2
What is the remainder when 3923 is divided by 1858?
207
What is the remainder when 2905 is divided by 2862?
43
Calculate the remainder when 155 is divided by 53.
49
Calculate the remainder when 13661 is divided by 1517.
8
Calculate the remainder when 18237 is divided by 68.
13
What is the remainder when 6408 is divided by 252?
108
What is the remainder when 56259 is divided by 2551?
137
Calculate the remainder when 10434 is divided by 392.
242
Calculate the remainder when 189873 is divided by 175.
173
What is the remainder when 2788 is divided by 32?
4
What is the remainder when 1667 is divided by 19?
14
Calculate the remainder when 15125 is divided by 19.
1
Calculate the remainder when 138152 is divided by 46047.
11
Calculate the remainder when 8643 is divided by 2859.
66
Calculate the remainder when 28191 is divided by 1555.
201
What is the remainder when 58064 is divided by 868?
776
What is the remainder when 83109 is divided by 23?
10
What is the remainder when 14400 is divided by 13?
9
Calculate the remainder when 1964937 is divided by 30.
27
What is the remainder when 4429084 is divided by 185?
184
Calculate the remainder when 3238 is divided by 233.
209
What is the remainder when 6715 is divided by 66?
49
What is the remainder when 3567036 is divided by 710?
706
What is the remainder when 2797 is divided by 315?
277
Calculate the remainder when 2947 is divided by 70.
7
What is the remainder when 61336 is divided by 27?
19
What is the remainder when 714 is divided by 91?
77
What is the remainder when 15325 is divided by 767?
752
What is the remainder when 3078 is divided by 2924?
154
What is the remainder when 117 is divided by 20?
17
What is the remainder when 624 is divided by 442?
182
Calculate the remainder when 338718 is divided by 53.
48
Calculate the remainder when 3252 is divided by 792.
84
Calculate the remainder when 4094 is divided by 759.
299
Calculate the remainder when 2657 is divided by 37.
30
What is the remainder when 58849 is divided by 7?
0
What is the remainder when 1915358 is divided by 32?
30
Calculate the remainder when 25890 is divided by 176.
18
What is the remainder when 11805 is divided by 18?
15
Calculate the remainder when 4136 is divided by 22.
0
Calculate the remainder when 2846 is divided by 470.
26
What is the remainder when 22081 is divided by 2755?
41
What is the remainder when 12856 is divided by 77?
74
What is the remainder when 117685 is divided by 58842?
1
Calculate the remainder when 4368 is divided by 2183.
2
Calculate the remainder when 3571 is divided by 477.
232
What is the remainder when 98565 is divided by 13?
12
What is the remainder when 45220 is divided by 45195?
25
Calculate the remainder when 8938 is divided by 83.
57
Calculate the remainder when 1181 is divided by 583.
15
Calculate the remainder when 2637 is divided by 8.
5
Calculate the remainder when 132989 is divided by 218.
9
What is the remainder when 5434 is divided by 697?
555
Calculate the remainder when 33548 is divided by 127.
20
Calculate the remainder when 136880 is divided by 284.
276
What is the remainder when 103417 is divided by 33?
28
Calculate the remainder when 2752793 is divided by 29.
26
Calculate the remainder when 3683744 is divided by 17.
14
What is the remainder when 28397 is divided by 24?
5
Calculate the remainder when 2258 is divided by 579.
521
Calculate the remainder when 932565 is divided by 24.
21
Calculate the remainder when 508210 is divided by 19.
17
What is the remainder when 105044 is divided by 231?
170
What is the remainder when 793458 is divided by 583?
578
What is the remainder when 20685 is divided by 84?
21
Calculate the remainder when 81 is divided by 13.
3
Calculate the remainder when 695 is divided by 138.
5
Calculate the remainder when 2044 is divided by 677.
13
What is the remainder when 2115 is divided by 260?
35
What is the remainder when 1504 is divided by 641?
222
What is the remainder when 2889 is divided by 10?
9
Calculate the remainder when 1253 is divided by 443.
367
Calculate the remainder when 198190 is divided by 49538.
38
What is the remainder when 28863 is divided by 7213?
11
What is the remainder when 3084 is divided by 147?
144
What is the remainder when 168216 is divided by 84095?
26
Calculate the remainder when 23980 is divided by 2179.
11
Calculate the remainder when 10722 is divided by 199.
175
What is the remainder when 340234 is divided by 12?
10
What is the remainder when 15829 is divided by 1331?
1188
Calculate the remainder when 40120 is divided by 20052.
16
What is the remainder when 28919 is divided by 2409?
11
Calculate the remainder when 92404 is divided by 31.
24
What is the remainder when 54275 is divided by 2167?
100
What is the remainder when 5915 is divided by 102?
101
What is the remainder when 108322 is di